14?
-6dd03
Convert 1037014 (base 11) to base 14.
357040
Convert 3332030130 (base 4) to base 13.
2a5baa
What is 65080 (base 14) in base 11?
157627
Convert -1000102110102 (base 3) to base 6.
-15323015
-1243254 (base 8) to base 4
-1110122230
What is -55ba0b (base 12) in base 8?
-5160353
Convert -2709661 (base 10) to base 12.
-aa8111
What is 275588 (base 10) in base 2?
1000011010010000100
Convert 114301 (base 7) to base 15.
621d
What is -5423442 (base 6) in base 12?
-10ab82
What is 11010110310 (base 4) in base 14?
2681a4
-6c38 (base 13) to base 10
-15257
What is -1000101011100110111000 (base 2) in base 9?
-4247681
Convert -1010001100101000010 (base 2) to base 16.
-51942
What is -155236 (base 8) in base 11?
-39059
45b5e7 (base 15) to base 5
1323012332
Convert 160000 (base 14) to base 16.
bb940
Convert -120041314 (base 5) to base 14.
-104400
What is 11132033 (base 5) in base 4?
120023022
Convert 1a5a5 (base 12) to base 9.
58268
What is 6c51d (base 15) in base 5?
42023103
What is -647c3 (base 13) in base 8?
-542370
-258311 (base 14) to base 8
-4730053
Convert 10000011101100110001 (base 2) to base 9.
1011868
Convert -135800 (base 9) to base 13.
-2ba37
What is 4b302 (base 14) in base 12?
8a89a
Convert -26e1a6 (base 16) to base 2.
-1001101110000110100110
109a01 (base 11) to base 10
174241
312123011 (base 4) to base 10
222917
What is -1023405 (base 7) in base 16?
-1e321
What is 13030514 (base 6) in base 2?
1100111100000101110
What is -1539813 (base 11) in base 5?
-1133234300
Convert 32332020 (base 4) to base 11.
42086
-101212021121 (base 3) to base 9
-355247
100011010000111101010110 (base 2) to base 9
18350058
Convert -3135617 (base 8) to base 4.
-3023232033
What is -222221121211 (base 3) in base 13?
-15758b
What is -2136616 (base 7) in base 2?
-111111111000101001
Convert 34317 (base 12) to base 13.
25888
Convert -44747 (base 10) to base 6.
-543055
What is 231021122 (base 4) in base 6?
3544042
-63780 (base 13) to base 2
-101011110000101100
Convert 49037ab (base 12) to base 5.
12113032442
Convert 51094 (base 15) to base 11.
1658a9
Convert -a20d7a (base 14) to base 3.
-101021021121002
-4ca739 (base 15) to base 4
-32002201323
Convert -1567371 (base 9) to base 12.
-36039a
Convert -9b0a (base 16) to base 7.
-223500
What is 3430300 (base 6) in base 4?
222233130
-1340003 (base 5) to base 15
-8238
-90112 (base 11) to base 8
-401477
What is 90cc (base 13) in base 8?
46745
1110101000010000010 (base 2) to base 13
13a260
-54a12 (base 13) to base 6
-3141414
2594b2a (base 13) to base 16
b3b717
What is 4041411 (base 6) in base 12?
93267
Convert 178742 (base 16) to base 2.
101111000011101000010
Convert -1043399 (base 10) to base 15.
-15924e
What is -1052035412 (base 6) in base 16?
-b0a200
-a1832 (base 11) to base 14
-3c2c8
What is -1051154400 (base 6) in base 15?
-102e0b6
-11122202212101 (base 3) to base 13
-688a59
1671b5 (base 13) to base 6
15544551
What is 242081 (base 10) in base 4?
323012201
Convert -153756 (base 13) to base 12.
-212073
9923159 (base 10) to base 5
10020020114
What is 787375 (base 11) in base 9?
2321447
-3300111 (base 5) to base 10
-56281
217479 (base 13) to base 2
11000000001101100110
2f4ea (base 16) to base 12
94176
121051121 (base 6) to base 16
22fc99
Convert 468373 (base 12) to base 4.
10110320013
221221111001021 (base 3) to base 12
474ab37
What is 12000222112200 (base 3) in base 11?
1568a32
Convert 44861 (base 12) to base 10.
91081
Convert 12c21d2 (base 15) to base 16.
ce5c4f
1fc40 (base 16) to base 13
472b8
Convert -402134 (base 7) to base 6.
-1242432
-10000001111111001111 (base 2) to base 13
-158463
-10011111101011101 (base 2) to base 12
-3b391
What is -29612 (base 10) in base 3?
-1111121202
-16a8c (base 15) to base 3
-10201111020
What is 288b88 (base 12) in base 13?
1aa119
Convert 123310030 (base 4) to base 7.
653110
What is -2e3d1 (base 15) in base 10?
-149371
Convert -124255115 (base 7) to base 10.
-7929878
What is -a635a (base 14) in base 8?
-1417614
What is 1241042 (base 8) in base 2?
1010100001000100010
Convert -1111000100100001000001 (base 2) to base 3.
-21102201021122
Convert -21d5577 (base 14) to base 7.
-253641110
Convert 471188 (base 10) to base 13.
136613
-14510164 (base 7) to base 10
-1380670
Convert 5758ee (base 15) to base 13.
b30159
100100011000111100 (base 2) to base 6
3110020
Convert 2715024 (base 8) to base 10.
760340
-c1787 (base 13) to base 2
-1010100100001101111
Convert -2201221002 (base 3) to base 13.
-1b6b9
1cb0b (base 13) to base 4
31313123
Convert -19c4e (base 16) to base 4.
-121301032
Convert -578a5 (base 11) to base 7.
-465514
What is 3ab489 (base 14) in base 9?
3731784
876315 (base 9) to base 7
4305431
Convert -13210320202 (base 4) to base 8.
-7447042
245755 (base 9) to base 5
14223404
Convert 4217644 (base 9) to base 7.
25114261
Convert 408d3 (base 14) to base 4.
211330121
What is -75b881 (base 15) in base 8?
-25310564
Convert -10001122101210 (base 3) to base 7.
-16553352
Convert -121120111011221 (base 3) to base 9.
-17514157
Convert -5011024 (base 7) to base 13.
-179011
What is -850451 (base 10) in base 5?
-204203301
What is 8aa8cc (base 13) in base 6?
154142340
What is -39763 (base 14) in base 3?
-21011222011
Convert 410303054 (base 6) to base 4.
122302131022
Convert 45415 (base 11) to base 7.
362413
Convert 1312293 (base 11) to base 5.
1040203421
What is 203123442 (base 5) in base 4?
3023113211
What is 9909 (base 10) in base 7?
40614
What is -517755 (base 14) in base 16?
-29ef1f
Convert -2222222022 (base 3) to base 12.
-2a1b2
What is 113110233 (base 4) in base 11?
65860
Convert 318b0 (base 13) to base 9.
145535
-3642e6 (base 16) to base 2
-1101100100001011100110
What is 44632340 (base 7) in base 5?
1442424144
What is 19a3a6 (base 11) in base 10?
306609
Convert -1323156 (base 7) to base 6.
-3421303
Convert -37fb8 (base 16) to base 8.
-677670
What is 1211021133 (base 4) in base 11?
2632aa
c5e47 (base 15) to base 9
1155804
b4d0c (base 16) to base 13
1cc14a
Convert 3022110312 (base 4) to base 6.
25432410
366116 (base 9) to base 10
220983
Convert -4c5d (base 16) to base 10.
-19549
What is -1811b00 (base 14) in base 9?
-24310037
Convert 123d3 (base 15) to base 12.
29860
Convert 323310331 (base 5) to base 15.
1c55e6
Convert -180624 (base 10) to base 16.
-2c190
Convert 154851 (base 12) to base 14.
955db
Convert -313210332 (base 4) to base 11.
-146041
What is 2313144 (base 5) in base 16?
a2ca
What is -2348c7 (base 13) in base 3?
-1120121022020
Convert -7608b (base 14) to base 10.
-285499
What is -1054506 (base 7) in base 9?
-220063
Convert -7159 (base 10) to base 15.
-21c4
What is -267119 (base 12) in base 15?
-c7e46
-65158 (base 13) to base 15
-3917d
What is -19343 (base 11) in base 6?
-325050
-a0dd2 (base 14) to base 5
-44340032
-1100110111100001110 (base 2) to base 16
-66f0e
-1242781 (base 9) to base 7
-5522221
70928 (base 13) to base 2
110001001100001010
a6450 (base 13) to base 14
7b233
What is 22013135 (base 6) in base 14?
130ab1
2211112010211 (base 3) to base 7
15542206
What is 202000201101 (base 3) in base 10?
394183
What is -140454064 (base 7) in base 8?
-42672650
2202011101020 (base 3) to base 16
164616
-2251418 (base 12) to base 13
-1493012
1011111001101011 (base 2) to base 14
13a9d
What is -b594a (base 15) in base 13?
-17214a
Convert -12414320 (base 7) to base 15.
-174c38
What is 1253a03 (base 12) in base 7?
42356001
Convert -106142 (base 12) to base 6.
-5320522
What is a8790 (base 12) in base 8?
662134
101100010100110000000011 (base 2) to base 4
230110300003
3189851 (base 12) to base 13
1c399a5
1bc488 (base 13) to base 14
1479b2
Convert -184513 (base 9) to base 15.
-24080
Convert -200101102210222 (base 3) to base 6.
-545233512
What is -1000110111001011 (base 2) in base 14?
-d32b
-390390 (base 11) to base 8
-2261730
What is 1b45a3 (base 16) in base 4?
12310112203
Convert 515255 (base 6) to base 12.
1bb2b
What is -1122744 (base 8) in base 15?
-603c7
Convert 30add5 (base 15) to base 12.
937848
What is -34001342 (base 6) in base 12?
-416252
-221000002210101 (base 3) to base 6
-1152450444
-3388785 (base 9) to base 8
-6767042
What is -623386 (base 9) in base 15?
-74919
-3374257 (base 8) to base 9
-1645007
Convert -1432b68 (base 12) to base 7.
-46261421
What is 1630416 (base 8) in base 6?
14033554
What is -430